 the highest common divisor of k and x?
56
Let g(f) = -f**2 - 16*f + 1. Suppose -106*t - 45 = -103*t. Let u be g(t). Calculate the highest common divisor of 104 and u.
8
Let b be ((-22)/((-4)/2))/1. Suppose 0 = -b*a + a + 50. Suppose -a*f + 0*f - 3*g = -179, 2*f + 4*g = 80. What is the greatest common divisor of f and 170?
34
Let z = 50 - 34. Suppose z*c - 10 = 18*c. Let l(g) = g**3 + 4*g**2 - 3*g + 11. Let w be l(c). Calculate the highest common divisor of w and 1.
1
Suppose 2*h + 3*a - 51 = 0, 2*h - a - 29 - 26 = 0. Let l = h + 129. Suppose 35*v - 174 = 246. Calculate the highest common factor of v and l.
12
Let t = -11 + 41. Suppose 0 = -3838*l + 3826*l + 1920. What is the highest common divisor of t and l?
10
Let m = -2947 + 2962. Let b(d) = -2*d + 3. Let f be b(-4). Suppose -13 - f = -4*p. What is the highest common factor of m and p?
3
Let k be ((-8)/4)/(-1 + 14/18). Let j(h) = 2*h**3 - 19*h**2 + 10*h + 3. Let d be j(k). Calculate the greatest common divisor of 4 and d.
4
Let b = 563 - 794. Let i = b + 285. Calculate the highest common factor of 918 and i.
54
Let q(p) = -83*p + 828. Let y be q(8). What is the highest common divisor of y and 82?
82
Let p be 2/4 - 141/(-6). Suppose -25*m + 278 + 707 = -2315. Calculate the greatest common factor of m and p.
12
Suppose -38*d = -158*d + 149160. What is the greatest common divisor of 33 and d?
11
Let b(m) = 10*m - 89. Let n be -16*(-8 - -9)*2/(-1). Let q be b(n). Calculate the greatest common divisor of q and 21.
21
Let r = 550 + -469. Let i be (-15)/5 + r + 7. Calculate the highest common divisor of 136 and i.
17
Suppose -6 - 12 = -2*n - 3*b, 2*b = -4*n + 28. Let i(f) = f**2 - 2*f + 1. Let u be i(n). Let l be (u/20)/(2/144). What is the highest common factor of l and 10?
10
Let y be 104 + 0 + -83 + 49. Let w be (2 - 2)/1 - -1190. Calculate the greatest common divisor of y and w.
70
Suppose -q + 2*p + 9 = 0, 63 = 4*q + p + 9. Let j(y) = y**3 - 3*y**2 + 2*y - 3. Let z be j(4). Let d = -8 + z. What is the greatest common factor of q and d?
13
Suppose -151 = -3*c - 7. Suppose -5*h + 436*q - 439*q + 40 = 0, -4*h - 5*q = -32. Calculate the greatest common factor of c and h.
8
Let o(j) = -j**2 + 50*j - 236. Let h be o(32). Calculate the greatest common divisor of h and 595.
85
Let v = 238 + -235. Suppose 3*r - 4*r + 129 = 4*d, v*r = -3*d + 90. What is the highest common divisor of d and 132?
33
Let m = 19832 + -17477. What is the highest common factor of 105 and m?
15
Let j(n) = 17*n - 1628. Let r be j(109). What is the highest common divisor of r and 2115?
45
Suppose 4*y = 2*j + 110, -2*y = 2*y - 5*j - 101. Let n be (3/3 - y) + -2. Let i be n*(-4 + 0 + 0). Calculate the greatest common factor of i and 15.
15
Let h be (-195)/13*7/21*-5. What is the greatest common divisor of 3925 and h?
25
Let z be (27 + (-2)/1)/(40/40). Suppose 3*v - z*u - 2094 = -28*u, 2*v - 1402 = u. Calculate the highest common factor of 14 and v.
14
Suppose 1329*x = 673*x + 668*x - 360. What is the greatest common divisor of x and 438?
6
Suppose -35987 = -44*b + 71021. Calculate the greatest common factor of b and 114.
38
Suppose 14630 + 64163 = 19*m. Calculate the greatest common factor of m and 143.
143
Suppose 14 - 45 = 32*r - 287. Calculate the highest common factor of 316 and r.
4
Let t = -306 + 308. Suppose -t*y - 26 = -18, -y - 372 = -4*p. What is the greatest common divisor of p and 4?
4
Suppose -38*x + 728 = -16*x + 82*x. What is the highest common divisor of x and 4837?
7
Let z = 274 + -144. Let g be 20/z - 167/(-13) - 3. Suppose -14 = -4*k + g. What is the greatest common divisor of k and 4?
2
Let s(r) = 41*r**2 + 2*r + 5. Let t be s(-2). Let g be (20/12)/(34/918). Calculate the greatest common divisor of t and g.
15
Suppose 3*m - 248 = -4*n, -151*n + 148*n + 249 = 3*m. Calculate the greatest common divisor of 3717 and m.
21
Suppose -135*l = -132*l - 984. Calculate the highest common divisor of 123 and l.
41
Let c(w) be the third derivative of -w**6/60 - 11*w**5/60 - 7*w**4/12 + 2*w**3 + 3*w**2 + 27. Let y be c(-6). What is the highest common factor of y and 36?
12
Let h(n) = n + 13. Let f be h(-9). Suppose 5*u - 70 = -5*t, -f*t + 2*u + 20 = -36. Let a = -25618 + 25800. Calculate the greatest common divisor of t and a.
14
Let a be -5 + 10 + (8 - -4082) + -7. Calculate the highest common divisor of 280 and a.
56
Suppose -5*a - 1048 = 187. Let l = -157 - a. Let o be ((-135)/(-6))/((-63)/(-378)). What is the highest common factor of o and l?
45
Let m = -37 - -43. Suppose m*n + n + 182 = 0. Let g = 25 - n. Calculate the highest common divisor of 255 and g.
51
Let x be (-6)/(-21) + (-1888)/(-7). Suppose -4*l = -4*i + 1556, -3*l + 138 = 2*i - 585. Calculate the greatest common factor of x and i.
54
Let h = 77 + 19. Let i(k) = 3*k**2 + 7*k + 2*k + 8 - 3*k. Let c be i(-4). What is the highest common factor of h and c?
32
Suppose -l + 2 = 0, -98 = -4*w - 0*w - l. Suppose -7*b + 5*b = 4. Let y be (-2)/(b*(-2)/(-168)). What is the highest common factor of y and w?
12
Let g be (28 - 14)/(-2) + 10921. What is the greatest common factor of 214 and g?
214
Let l(x) = 1214*x**2 + 11*x + 13. Let r be l(-1). Calculate the greatest common divisor of 456 and r.
152
Suppose -27 = -12*o + 21*o. Let y be 16 + ((-18)/o)/(-2). Suppose 9*v + 32 = y*v. What is the greatest common factor of 28 and v?
4
Suppose 216 = -4845*o + 4863*o. What is the highest common factor of o and 60?
12
Suppose 5*g - 4*y = 804, -3*g + 476 = 11*y - 7*y. What is the highest common divisor of 4260 and g?
20
Suppose -16*s + 12707 = -9690 - 4611. Calculate the greatest common factor of s and 8.
8
Suppose 3*n + 13 = 5*q - 41, 2*q = -n + 26. Suppose 4*o - 426 = -170. Suppose 0 = o*c - 61*c - 90. Calculate the greatest common factor of c and q.
6
Suppose h + 2 = 0, -2*n - 4*h - 18 = -4*n. Suppose r + n*u - 2*u = -1, 5*u + 53 = 2*r. Calculate the greatest common factor of r and 133.
7
Suppose 0 = -3*s - i + 17727, -6*s = -2*s + 2*i - 23636. Calculate the greatest common divisor of 19 and s.
19
Suppose -5*u + 3*g + 92 = 5*g, -u = -5*g - 13. Let m = u + 14. Calculate the greatest common divisor of m and 304.
16
Suppose -o + 99 = -5*n + 143, 24 = -6*o. Suppose -z = z - 368. What is the highest common divisor of n and z?
8
Let b = 446 + -247. Let y = -103 + b. Let t(o) = 5*o + 4. Let n be t(4). What is the greatest common divisor of y and n?
24
Let t = -1248 - -1598. Let g be 14*(-1 + 0 + 2). Calculate the greatest common factor of g and t.
14
Suppose 0 = -13*i + 32 + 59. Suppose 12*q - i*q - 2625 = 0. What is the greatest common factor of 150 and q?
75
Suppose 0 = -b + 2*b - 845. Calculate the highest common divisor of 130 and b.
65
Let m = 8 - 3. Suppose -829*r + 1620 + 13173 + 17841 = -12961. Calculate the greatest common divisor of m and r.
5
Suppose 3*n - 2 = -2*c, 5*c + 30*n - 35*n = 30. Suppose -q + 146 = c*g, -4*g + 3*g = 4*q - 509. What is the highest common factor of q and 18?
18
Suppose 277*n - 324529 = 78380 + 367428. What is the greatest common factor of n and 721?
103
Suppose 8 = 4*j - 4. Let i = 36 + j. Suppose -181*w + 168*w + 2028 = 0. Calculate the highest common divisor of i and w.
39
Let p be 5*-1 + 32/(-6)*-132. Suppose -5*i = -1311 - p. Calculate the highest common factor of 6 and i.
6
Suppose -3*v - 12 - 129 = -3*a, 2*v = -4*a + 200. Suppose a = 10*b - 3*b. Suppose -2*u = -b*u + 275. What is the highest common divisor of 11 and u?
11
Let h(g) = 3*g**2 + 21*g + 10. Let v be h(-8). Let x = 1696 + -1118. Calculate the greatest common factor of x and v.
34
Let g(w) = -2*w**2 - 22*w + 27. Let h be g(-12). Suppose 4*i + m - 76 = -20, 0 = -h*i + m + 49. Calculate the highest common divisor of i and 25.
5
Suppose 5*b = t + 739, 3*b - 3*t + 6*t - 429 = 0. Let n be (1*(-1 - b))/((-2)/1). Suppose -n = -x - 2. Calculate the highest common factor of 9 and x.
9
Suppose -54*a = -47*a - 42. Let q(f) = -7*f + 63. Let i be q(a). Let x be 5 - (4*1 + -2). What is the greatest common divisor of x and i?
3
Suppose 0 = 43*i - 13*i - 27270. Calculate the greatest common factor of 808 and i.
101
Suppose 4*b = 4*i + 604, 5*i + b = -0*i - 725. Let g be ((-6 - -4) + 1)*i. Suppose -5*u = -214 - g. Calculate the highest common divisor of u and 9.
9
Let k(l) = 3*l - l**2 - 859*l**3